nits digit of 3/2 + 159075/126?
4
Let f(p) = p**2 - 32*p + 450. What is the tens digit of f(34)?
1
Let u(j) = 19*j - 3. Let t be u(3). Let m = -30 + t. What is the tens digit of m?
2
Let k = -254 + 249. Let y = -93 - -133. What is the tens digit of (-2 - y)*(k - -4)?
4
Let a be ((-2)/(-2) + 0)*10. Suppose 4*x - 3*x - a = 0. What is the units digit of x?
0
Let a be 705/6 - (-1)/2. Suppose 0 = 4*l - a + 10. Let t = l - 16. What is the tens digit of t?
1
Suppose 4*v = -5*t + 26, 4*v + t = 12 + 6. What is the tens digit of 18/3 - v - -16?
1
Let b = -254 + 137. Let z = b - -219. What is the tens digit of z?
0
Let w(j) = 6*j + 11. Let y(c) = -5*c - 10. Let i(g) = -3*w(g) - 4*y(g). Let m be (-5)/((1 - 0)/(-2)). What is the units digit of i(m)?
7
Let m(y) = -3 - 3 + 3*y - 2. Let j be m(4). Suppose -92 = -4*s + j. What is the tens digit of s?
2
Let p = -836 - -3391. What is the units digit of p?
5
Suppose -2*l + 2697 = p, -p - 6*l + 7*l = -2703. What is the hundreds digit of p?
7
Let y(b) be the first derivative of 13*b**4/2 + 4*b**3/3 - 3*b**2/2 - b + 34. What is the hundreds digit of y(2)?
2
Suppose 0 = -33*k + 6129 + 38388. What is the hundreds digit of k?
3
Let h be (180/8)/9*52. Suppose 3*d + 56 + h = 3*t, d = -t + 68. What is the units digit of t?
5
Let y(t) = -t**3 - t**2 + t - 77. Let r be y(0). Let a = -3 - r. What is the tens digit of a?
7
Let i(x) = -10*x**2 + 74*x - 13. Let p be i(7). Suppose -2*n = 2*l + 32, 20 + 8 = -2*n - l. Let m = n + p. What is the units digit of m?
3
Let j(y) = 3*y**2 - 5*y + 1. Let u be j(-5). Let c(m) = 2*m**3 - 11*m**2 - 11*m. Let h be c(7). Let a = u - h. What is the tens digit of a?
3
Let q be (-490)/(-18) - 6/27. Let x be (-6)/(-27) - (-939)/q. What is the tens digit of 791/x + 4/10?
2
Suppose 188*m - 178*m - 26550 = 0. What is the thousands digit of m?
2
Suppose -1366 = 4*a - 3238. What is the tens digit of a?
6
What is the tens digit of (2492/8)/((2 + -1)/2)?
2
Let h be (-102)/((-39)/(-210) + 2/(-5)). Suppose -5*u - 171 + h = 0. What is the units digit of u?
1
Suppose 2*m = m + 4, -164 = -q + 4*m. Let y be (1 - 0)*q/10. Let h = 1 + y. What is the units digit of h?
9
Suppose 48*o - 39004 = 31268. What is the tens digit of o?
6
Suppose 138 = 4*k - 2*y, -5*k + 54 = -4*y - 111. Suppose 0 = a - k - 42. What is the tens digit of a?
7
Let k = 3388 - 2338. What is the tens digit of k/(-40)*4/(-3 - -2)?
0
Suppose y - 2*c + 14 = c, 0 = -2*y - c - 35. What is the tens digit of 113*-4*y/34?
2
Let g(j) = -3*j + 23 + 27 - 74 + 0*j + 27. Suppose 3*k + t = -7, -k = -2*t - 6 + 13. What is the units digit of g(k)?
2
Suppose -a - 2*g + 0 - 4 = 0, -2*g = -2*a + 22. Let j = 6 - a. Suppose j*l + 44 = 2*l. What is the units digit of l?
2
Let i(w) = 2 - 1 + 3*w**2 + 3*w**2 + 87*w**3 - 7*w**2. Let l be i(1). Suppose 0 = -5*n + l + 13. What is the units digit of n?
0
Let m = -481 - -536. What is the tens digit of m?
5
Let l = 1273 + 1026. What is the hundreds digit of l?
2
Let r(k) = 4*k + 0 - 11*k - 3*k**2 + 12 + 4*k**2. Let m be r(5). Suppose -65 = -m*h - 3*h. What is the tens digit of h?
1
Suppose 19*t - 24*t = -130. Let g = t - 11. What is the units digit of g?
5
Let f = 0 + 2. Suppose 9 = 5*r - f*r + 5*u, r = 4*u + 3. Suppose 0 = r*s - 5*q - 110, 2*s + q - 65 = -4*q. What is the tens digit of s?
3
Let v(z) = 0*z + 4*z - 3*z - 4*z + 5. Let x be v(5). Let w = x + 18. What is the units digit of w?
8
Let f(w) = -799*w + 37. What is the tens digit of f(-1)?
3
Suppose 0 = w + 3*y + 151, 3*w + 407 = 5*y - 18. Let g = -23 - w. What is the hundreds digit of g?
1
Suppose g - 615 = 779. What is the thousands digit of g?
1
Let x(k) = -1370*k - 48. What is the units digit of x(-1)?
2
Suppose p = -3*x + 1028, 5*x = 6*x + 4*p - 328. What is the tens digit of x?
4
Let p(t) = 16*t - 14 + 14*t - 22*t + t**2. What is the units digit of p(-10)?
6
Let p(c) = -c**2 + 9*c + 1. Suppose 2*t + t + 4*d = 29, 0 = -5*t - 2*d + 25. Suppose 40 = 3*m - 4*i, t*i - 5*i + 32 = 5*m. What is the units digit of p(m)?
9
Let k = -776 + 4029. What is the thousands digit of k?
3
Suppose 0 = -3*o - 0*o - 42. Let q = 155 + o. What is the units digit of q?
1
Let q(w) = -w**2 + 8*w - 7. Let h(n) = -2*n**2 + 16*n - 13. Let s(g) = -3*h(g) + 5*q(g). Let m = -53 - -62. What is the tens digit of s(m)?
1
Suppose 8 = -v + 2. Let n be (0 - v)*1*4. Let o = n - 10. What is the units digit of o?
4
Suppose 3*z - 5 = -2*v - 2*v, 5*v - 3*z = 40. Suppose -q + f = -102, f = -q + v*f + 96. What is the tens digit of q?
0
Let g(f) = 167*f**2 - 2*f + 27. What is the units digit of g(3)?
4
Suppose -106 = 4*s + 2*a, -5*s + 3*a = 2*a + 115. Let j be (12/(-15))/4 + (-174)/5. Let c = s - j. What is the tens digit of c?
1
Suppose 2*j + 0 = 40. What is the tens digit of -105*(2 + j/(-7))?
9
What is the units digit of ((-9)/378*7)/(2/(-3396))?
3
Let m(i) = -i**2 + 30*i - 17. Let r be m(15). Suppose 22*n - r = 18*n. What is the tens digit of n?
5
Let g(q) = 5*q + 9. Let s be g(-6). Suppose -5*f = 4*c + 243, f - 311 = 5*c - 0*f. Let m = s - c. What is the units digit of m?
1
Let h = -186 + 950. What is the tens digit of (-4)/18 + 0 - h/(-36)?
2
Let v be 4 + (-84)/18 + (-77)/(-3). Let q(b) = b**2 - 27*b + 61. What is the tens digit of q(v)?
1
Let f be 3 - -3*8/12. Suppose f*t - 4*i = -0*t + 5, -5*i = -3*t - 10. Suppose -t*q + 46 = -9. What is the units digit of q?
1
Let h = -30 - -462. What is the tens digit of h?
3
Suppose -3*y - y + 12 = 0. Suppose 0 = -y*d - 3*f + 342, d - 3*f - 87 - 43 = 0. Suppose 4*c = 6*c - d. What is the units digit of c?
9
Let q be ((-6)/(-3) + -5)*1. Let m = 3 + q. Suppose -5*o - 3*j - 4 + 68 = 0, m = 2*o - 4*j - 10. What is the tens digit of o?
1
Let p(v) = 3*v**3 - 15*v**2 + 14*v - 15. What is the units digit of p(6)?
7
Let b(p) = -p**3 - 2*p**2 - 3*p - 4. Let u be ((-8)/5)/((-12)/(-30)). Let d be b(u). Suppose 0 = x + 4*x + v - 61, 3*v - d = -4*x. What is the units digit of x?
3
Let o(d) = -d**3 + 8*d**2 - 8*d + 8. Suppose -5*j = x - 13, -5*x + 7 = 5*j - x. Suppose 0 = -p + j*p - 14. What is the units digit of o(p)?
1
Let s = 50 + -339. Let g = -152 - s. What is the units digit of g?
7
Let w be (-8790)/24*2 + 3/2. Let b = w - -1044. What is the hundreds digit of b?
3
What is the tens digit of (201/(-4))/(5/(-40))?
0
Let q(g) = g - 1. Let z be q(5). Suppose s - 3*s = -z*r - 4, -5*r - 5 = -s. Suppose 0 = m - 3*d - 25, 4*m + 2*d + s*d = 100. What is the tens digit of m?
2
Let u(x) = -x**3 - 5*x**2 + 4*x - 1. Let k be u(-6). Suppose 0 = -4*f + 1 + k. Suppose 0*y - y + 40 = g, 0 = -g - f. What is the tens digit of y?
4
Let w(a) = 7*a. Let z be w(1). Let m(v) = v**2 - 7*v + 12. What is the tens digit of m(z)?
1
Suppose a = -2*a - 105. Let s = 46 + a. What is the units digit of s?
1
Let d be ((-63)/(-5) - 1)/(4/20). Let y = -41 + d. What is the units digit of y?
7
Let b = 113 + -68. Let m(t) = 9*t - 1. Let c be m(1). Suppose c*o - 3*o - b = -3*x, 3*o = -4*x + 27. What is the units digit of o?
9
Let o(y) = y**2 - 3*y - 8. Let a be o(5). What is the units digit of (-3)/2*-32 + a?
0
Let g(r) = 17*r - 579. What is the hundreds digit of g(44)?
1
Let l(b) be the third derivative of -b**6/120 - b**5/12 + 7*b**4/24 - 5*b**3 + 7*b**2. What is the units digit of l(-8)?
6
Let t(c) = 15*c**2 - 6*c - 21. What is the hundreds digit of t(-6)?
5
Let f be (-12)/78 + (-28)/(-13). Suppose -k + 102 = f*m, -k + 5*k = -3*m + 158. What is the tens digit of m?
5
Let b = 22 + -15. Suppose 2*m - b*m = -20. What is the units digit of m?
4
Let g be ((-9)/3)/3 + -1 + 4. Suppose 4*k - 1057 = 3*f, -g*f + f - 3 = 0. What is the hundreds digit of k?
2
Suppose l + 2 = 7. Suppose -405 = -4*a - l*v, -2*a + 2*v = 3*a - 465. What is the units digit of a?
5
Let o = -65 + -182. Let k = -122 - o. What is the hundreds digit of k?
1
What is the tens digit of (-4)/5*(-28 - 1637)?
3
Let d(z) = z**3 - 7*z**2 + 9*z - 5. Suppose 13*u - 14*u + 8 = 0. What is the hundreds digit of d(u)?
1
What is the units digit of ((-8)/(-10))/(((-90)/(-27325))/9)?
6
Let l = 90 - -212. What is the tens digit of l?
0
Suppose 0*r = 3*r - 30. Let b = r + -4. Suppose 15 = 5*g, b*l - l - 134 = -3*g. What is the units digit of l?
5
Suppose 1007 = -2*r + 2*x + 2989, 0 = 5*x + 15. What is the units digit of r?
8
Let u = 307 + -163. Suppose -25*i = -2